883 = 3*y - 2*u. What are the prime factors of y?
5, 659
Let g = -4550 - -7743. What are the prime factors of g?
31, 103
Let u be 3*1/(-2)*(41 + -39). Let p(o) = 19*o**2 + 3*o + 1. List the prime factors of p(u).
163
Let d(a) be the third derivative of a**6/120 - 3*a**5/20 + 7*a**4/24 + 11*a**3/6 + 3*a**2. Let x be d(8). Suppose -r + x*r = 46. List the prime factors of r.
23
Suppose -2 = 2*s, -139 - 77 = -v + 4*s. List the prime factors of v.
2, 53
Let x = -159 - -69. List the prime factors of (x/(-8))/(-5*1/(-60)).
3, 5
Let s(y) = -228*y - 437. List the prime factors of s(-12).
11, 19
Let r(q) = -q**2 - 8*q + 2. Let d be r(-8). Suppose -8 = -2*a - d*s, s - 1 = 5*a - 21. Suppose -b + 5*p - a = 2*p, 4*b - 4*p = 8. List the prime factors of b.
5
Let c(z) = z**3 - 7*z**2 - 5*z + 1. Let w(k) be the second derivative of k**3/3 - 2*k**2 - 4*k. Let s be w(6). List the prime factors of c(s).
5
Suppose -10 = -o + 8. Suppose -5*m = -2*x - o, -5*m + 5 = -x - 9. Suppose -5*c = -s + 2, 0 = 3*s + m*c - 53 - 38. List the prime factors of s.
3
Let l(n) = 6*n**2 + 4*n - 24. Let s be l(-7). Suppose -2*c - 6 = 0, 2*c + 2*c - s = -m. What are the prime factors of m?
2, 127
Let j = 4 + -9. Let u = j - -7. Suppose 2*w - u*c - 48 = 0, w - 2*c + 10 = 38. What are the prime factors of w?
2, 5
Suppose 22*p - 7817 - 15063 = 0. What are the prime factors of p?
2, 5, 13
Let t = 17 + -16. Let u be 83 - ((t - 4) + 0). Let i = -36 + u. What are the prime factors of i?
2, 5
Let c be (-8)/(48/18) - -370. Suppose 80 = -a + c. What are the prime factors of a?
7, 41
List the prime factors of -3 - (-1489 + -7 + 6).
1487
List the prime factors of 5/(-20)*4 - 3*-1041.
2, 7, 223
Suppose 0 = 2*f - 3*j - 37 + 124, 2*f + 3*j + 57 = 0. Let u = -26 - f. What are the prime factors of u?
2, 5
Let k be 20/(-5) - 1/(-1)*65. Let i = -51 + k. What are the prime factors of i?
2, 5
Suppose -u + 5*q + 46 = 0, -6*u + 4*u + 3*q = -127. Let l = u - -24. Let c = l - 58. List the prime factors of c.
37
Let l = 81 + -76. Suppose -2*g - 167 = l*u - 577, 5*u + 4*g = 410. List the prime factors of u.
2, 41
Let i = 147 + -19. Suppose -x = 4*l - 262, x = -4*l + 6*l - i. Let v = 94 - l. What are the prime factors of v?
29
Let s be 1 - (8 + 1)/3 - -15. Suppose -14*r + 86 = -s*r. What are the prime factors of r?
2, 43
Let n = 1237 + -753. List the prime factors of n.
2, 11
Let g(j) = -2*j + 8. Let n be g(4). Suppose -4*t + q - 233 + 937 = n, -4*t - 4*q + 704 = 0. List the prime factors of t.
2, 11
Let c be ((-7)/3)/(5/15). Let h be (c/(-2))/7*10. Let l = h - -14. What are the prime factors of l?
19
List the prime factors of (-6 - -1) + 5*(130 + 5).
2, 5, 67
Suppose -4*r + 916 = 4*d, -d = 2*r + 20 - 473. List the prime factors of r.
2, 7
Let a(p) = -p - 16. Let u be a(-8). Let o = -7 - u. Suppose -o - 5 = -2*s, 2*j + 4*s - 92 = 0. What are the prime factors of j?
2, 5
Suppose -3*l = 43*i - 39*i - 1975, -5*l = 3*i - 3310. What are the prime factors of l?
5, 7, 19
Suppose 10 = 7*h - 5*h. Suppose -h*i = -i - 28. Let m(l) = l**3 - 7*l**2 + 2*l + 1. List the prime factors of m(i).
3, 5
What are the prime factors of (-1)/((-15)/(-10)) + 5703/9?
3, 211
Suppose f = -0*f + 3*m + 14, -m = 4. Suppose -5*i + f*u = -169, i = -0*u + 4*u + 41. What are the prime factors of i?
3, 11
Let a = 6124 - 2866. List the prime factors of a.
2, 3, 181
Suppose -u + 697 = -3*m, -3*m + 693 = u - 2*m. List the prime factors of u.
2, 347
Let d = 42 - -77. Suppose 3*t = -2 - 1, 4*w - d = 3*t. Suppose -6*v + 5*a + 31 = -3*v, 3*a = -5*v + w. What are the prime factors of v?
7
What are the prime factors of 18*(-448)/(-105) - (-1)/5?
7, 11
Suppose 2240 = g + 3*q - 94, 4*q = -g + 2330. List the prime factors of g.
2, 3, 17, 23
Let l(u) = 2*u**2 - u + 1. Let v be l(2). Let k be (9 - 12) + (v - 0). Suppose 0 = 4*n - i + k*i - 153, -3*i - 63 = -2*n. List the prime factors of n.
2, 3
Let q(d) = -d**2 - 9*d + 10. Let a be q(-10). Suppose -2*i = a, -3*t - 4*i = -5*i - 60. Let m = 34 - t. What are the prime factors of m?
2, 7
Let c(n) = -n**2 - 11*n + 2. Let p be c(-10). Suppose 5*m + 4*f - 152 = p, 0 = -2*m - 4*f + 68. List the prime factors of 2/(m/(-20) - -2).
5
Let b(h) be the first derivative of -11*h**2 + 9*h - 12. What are the prime factors of b(-8)?
5, 37
List the prime factors of -262*((-780)/8)/15.
13, 131
Let l(f) = -5 - f - 2*f - 6. Let s be l(-6). Suppose -3*d - 132 = -s*d. What are the prime factors of d?
3, 11
List the prime factors of 1 + 88/(-11) + (-2 - -4296).
3, 1429
Let l(m) = 5*m**3 + 21*m**2 + 4*m - 14. List the prime factors of l(7).
2, 7, 197
Let k be (0/(-3))/(3 + 0). Let s(t) = k*t + 6 + 1 - 2 + 17*t. What are the prime factors of s(4)?
73
Let s(b) = -54 + 23*b - 49*b + 21*b. List the prime factors of s(-14).
2
Let f = 3579 - 1188. List the prime factors of f.
3, 797
Let d(r) = 3*r + 18. Let w be d(-6). Let n(i) = i + 11. Let z be n(-6). Suppose 4*b + z*x - 74 = w, -b - x + 14 = -4. List the prime factors of b.
2
Let i = -2437 + 4705. List the prime factors of i.
2, 3, 7
Let g(b) = 3*b**2 - 13*b - 5. Let s be g(5). Suppose s*v + 255 = 8*v. List the prime factors of v.
5, 17
Suppose 0 = -4*z - 3*l + 2*l + 20804, -5*z - 2*l + 26008 = 0. What are the prime factors of z?
2, 5, 13
Suppose 7*t = 554 - 323. List the prime factors of t.
3, 11
Let l(s) = 10*s**2 - 9*s - 33. What are the prime factors of l(-8)?
7, 97
Let m(s) = -s + 2. Let o be m(-1). Suppose l = o*l. Suppose l = 20*t - 17*t - 207. What are the prime factors of t?
3, 23
Suppose 5*z = 3*h - h + 1755, 1404 = 4*z + 3*h. What are the prime factors of z?
3, 13
Let q = 1 + 4. Suppose -3*m = -q*v - 500, -6*m - 3*v = -2*m - 715. What are the prime factors of m?
5, 7
Let g = -868 - -3001. What are the prime factors of g?
3, 79
Let y(w) = -w**3 - 2*w**2 + 2*w + 1846. What are the prime factors of y(0)?
2, 13, 71
Let z = -15 + 15. Suppose 4*i + j + 101 = z, -4 = -i + 3*j - 13. What are the prime factors of i/132 - (-334)/22?
3, 5
Let w = 15 - -107. Suppose 0 = -4*q + 2*p + 38, 5*p = 4*q - 0*p - 41. Suppose 0 = q*i - 49 - w. List the prime factors of i.
19
Let l be ((-8)/12)/((-2)/9). Suppose 3*w = -2*w - 4*a + 756, 0 = l*w - 2*a - 458. What are the prime factors of w?
2, 19
Suppose 0 = -5*b + 4*s + 3486, -b + 9*s + 678 = 13*s. List the prime factors of b.
2, 347
Suppose -4*r + 410 = 242. List the prime factors of r.
2, 3, 7
Suppose 0 = 2*l - 5*k + 24, 4*k + 3 - 11 = 0. Let w = -8 + l. What are the prime factors of -1*w/3*7?
5, 7
What are the prime factors of ((-1)/2)/(5/40) + 1738?
2, 3, 17
Suppose 643 = -2*l + i, 0 = 2*l + 3*i + 2*i + 649. Let r = 490 + l. List the prime factors of r.
2, 3, 7
Let h(c) = 15*c**2 + c. Let s be h(2). Let b = 33 - s. Let n = b + 52. What are the prime factors of n?
23
Suppose 0 = -g - 4*a + 743, -711 - 1518 = -3*g - 4*a. What are the prime factors of g?
743
Let s be (72/(-14))/(21/(-490)). Let z = s + 84. List the prime factors of z.
2, 3, 17
Suppose 0 = -79*j + 91*j - 8100. What are the prime factors of j?
3, 5
Suppose -19*v + 63624 = 10633. List the prime factors of v.
2789
Let z be -4*(1782/(-60) - (-2)/10). What are the prime factors of 1 - (z/(-1) + -3)?
2, 61
Let p(z) = -16*z + 73. What are the prime factors of p(-7)?
5, 37
Suppose 5*g - 3*z = -5*z + 19, -17 = -5*g - z. Suppose 23 = -g*o + 125. List the prime factors of o.
2, 17
Suppose -3*k + d + 3435 = 0, 2*k + d = -3*k + 5725. List the prime factors of k.
5, 229
List the prime factors of (1 + 912/64)/(2/312).
3, 13, 61
Suppose y + 0*g = -3*g - 129, -3*g - 255 = 2*y. Let u be (-920)/(-9) - (-28)/y. Suppose -b + 2*b - 20 = -4*z, -3*b = -2*z - u. List the prime factors of b.
2
Suppose -4*c - 864 = 4*c. What are the prime factors of (2/3)/((-8)/c)?
3
Suppose 0*h + 6 = -2*h, 4*a = -5*h + 2993. List the prime factors of a.
2, 47
List the prime factors of ((-112)/(-40))/(2/110).
2, 7, 11
Suppose -2*w + 296 = 7*d - 3*d, 219 = 3*d + 3*w. Suppose 0 = 3*x - 2*x - d. What are the prime factors of x?
3, 5
Suppose -2*t + t + 5 = 0. Let s(n) = -n**3 - n**2 + 34. Let q be s(0). Suppose l - q = 4*j, -t*l + 200 = -j + 11. List the prime factors of l.
2, 19
Suppose 0 = 2*f - d - 26, -f - 2*d + 8 = -0*f. Let t be (206/4)/(6/f). Let r = 147 - t. List the prime factors of r.
2, 11
Let l be (-3 + 27/15)/(2/(-30